u(6). Let c = 45 - g. What is the remainder when 31 is divided by c?
14
What is the remainder when 4/16*(-21 + 589) is divided by 24?
22
Let w = 79 + -52. Suppose 2*x - 818 = -2*s, 2*x + 490 = 2*s + 1300. Let k = x - 273. What is the remainder when k is divided by w?
26
Let g(c) = -c**2 + 12*c. Suppose 4*t - t = 12. Suppose -2*k + 4*k = t*n + 78, 5*k = -n + 151. Calculate the remainder when k is divided by g(11).
9
Suppose -6*r + 10*r - 256 = 0. Suppose -6*g + r = -2*g. What is the remainder when g is divided by 6?
4
Let w(p) = -2*p**3 - 49*p**2 + 23*p + 4. Calculate the remainder when 100 is divided by w(-25).
46
Suppose -8024 = -9*m + 6187. Calculate the remainder when m is divided by 14.
11
Suppose -11 = 4*u - 63. Calculate the remainder when u is divided by 8.
5
Let j = -12 - -10. Let n be j/4*(-28)/7. Suppose -115 - 113 = -4*w + n*r, 2*r - 285 = -5*w. What is the remainder when w is divided by 12?
9
Suppose 11*w = 9*w - 4. Let c(i) = -i**3 - 2*i**2 + 9*i - 1. What is the remainder when -142*(w + 2/2) is divided by c(-5)?
26
Suppose o + 4*o = -l + 19, -5*l + 49 = 2*o. What is the remainder when 22 is divided by 2/(-3) - (-60)/l?
4
Suppose 17 = i - 4*u, -3*u - 16 = -2*i - u. Suppose -747 = -4*r - 3*g, i*r - 3*r - 356 = 2*g. Calculate the remainder when r is divided by 23.
22
Let a(y) = y**2 + y. Let h(g) = -42*g**2 - 9*g. Let p(u) = -9*a(u) - h(u). Let m = 53 - 36. Calculate the remainder when p(-1) is divided by m.
16
Let f(u) = 2*u**3 - 14*u**2 + 5. Let j be f(7). Let z = 49 + j. What is the remainder when 107 is divided by z?
53
Let g be 1*2/(-4)*0. Let c(p) = -p**3 - p**2 + 2*p + 2. Let w be c(-1). Calculate the remainder when 8 is divided by w - (0 - 3) - g.
2
Calculate the remainder when 122 is divided by -4*(-45)/(-120)*(-148)/3.
48
Suppose 4*l = 2*b + 2 + 16, -3*l + 11 = -2*b. Suppose 3 + l = 2*c. What is the remainder when c/(30/(-57))*-4 is divided by 10?
8
Let r(q) = q**3 + 2*q**2 - 2*q + 3. Let a be r(-3). Suppose 3*l - 49 + 13 = a. What is the remainder when (354/(-9))/(2/(-3)) is divided by l?
11
Let b = -32 + 31. Suppose -x + 8 = -5. Calculate the remainder when 45 is divided by x + -10 - b*13.
13
Let w(b) = 20*b + 4. Let y be w(-2). Let v(d) = d**2 - 3*d + 8. What is the remainder when v(7) is divided by (-6)/(-27) - ((-1760)/y)/(-5)?
6
Let h(x) = 6*x - 2 + 2*x**2 - 2*x + 1. Let b(k) = -11*k + 92. Calculate the remainder when h(3) is divided by b(7).
14
Let g = -21 + 168. What is the remainder when g is divided by 50?
47
Suppose 4*m - w - 123 = -m, 0 = -4*w + 8. Suppose -462 = -3*z - 93. Calculate the remainder when z is divided by m.
23
Calculate the remainder when ((-82)/(-3))/(1/12) + 5 is divided by 8.
5
Let o be ((-32)/(-12))/((-6)/(-9)). Suppose o*r - r = 15. Suppose -4*v + 21 = -r*q - 100, -3*q = 15. Calculate the remainder when 93 is divided by v.
21
Let v(f) = f**2 + 38*f - 311. Suppose 0 = -w - 8 + 38. What is the remainder when v(8) is divided by w?
27
Suppose u + 1847 = 8*c - 4*c, 5*c - 2320 = 5*u. Calculate the remainder when c is divided by 118.
107
Let n(y) = 2*y - 7. What is the remainder when n(31) is divided by 26?
3
Let t be ((-12)/(-7))/(4/(-28)). Let a be (t/28)/((-1)/7). Suppose a*f - 18 = 2*r - 2, -5*f + 18 = r. Calculate the remainder when 7 is divided by f.
3
Suppose -3*j + 99 = -5*v, 9 = 50*v - 47*v. Calculate the remainder when 756 is divided by j.
34
Let z(o) = -o**3 + 3*o**2 + 9*o - 13. Let k be z(5). Let u(d) = -d**3 + 7*d**2 - d. Let p be u(3). Let l = p + k. What is the remainder when l is divided by 4?
3
Let l = 43 + -53. Calculate the remainder when (-2)/(-5) - 56/l is divided by 2.
0
Suppose -3*a = 5*r - 94 - 135, 4*a + 76 = 2*r. Let u(l) = -l**3 + 4*l**2 + 2*l. Let x be (-20)/(-6) - 1/3. What is the remainder when r is divided by u(x)?
14
Let v be 2 + -6 + 24/4. Suppose -5*q + 1117 = v*n, -2*q + 4*n + 420 + 46 = 0. What is the remainder when q is divided by 38?
35
Suppose 24 = -2*s - s. What is the remainder when 18 is divided by 171/33 - s/(-44)?
3
Let x(g) = 8*g + 3. Let y be x(4). Let w = y + -18. Calculate the remainder when w is divided by 5.
2
Let m be (3/(-2))/((-6)/(-32)). Let t be -2 + 4 + m/(-2). What is the remainder when (-80)/t*6/(-5) is divided by 5?
1
Let u(m) = m**2 - 5*m - 5. Let b(p) = p**3 - 5*p**2 - 4*p - 3. Let g be b(6). Calculate the remainder when 122 is divided by u(g).
29
Let j(s) = s**2 - 4. Let u be j(-3). Suppose 2*x = -u*i - 0*i + 50, -x - 2*i = -23. Calculate the remainder when x is divided by 8.
7
Suppose -5*m + 2*b + 4 + 28 = 0, m = 2*b. Calculate the remainder when ((-28)/m)/((-2)/24) is divided by ((-1)/(-2))/((-1)/(-22)).
9
Let c(f) be the third derivative of -17*f**4/8 + f**3/6 - 12*f**2. Calculate the remainder when c(-1) is divided by 18.
16
Suppose -5*i + 4*d + 31 = 0, -3*i + 2*i = 2*d - 9. Suppose 0*g - 3*g + 72 = 0. Calculate the remainder when g is divided by i.
3
Let y = -102 - -108. Let f(o) = -5*o - o**3 + 6*o + 5*o + 3 + 5*o**2. What is the remainder when f(y) is divided by 2?
1
Suppose -19*g = -16*g - 84. Let a be ((-98)/g)/(1/4). What is the remainder when 31 is divided by (-7)/a + 30/4?
7
Suppose 3*h - 311 = -287. What is the remainder when 36 is divided by h?
4
What is the remainder when 28 is divided by (-1 - -4 - (4 - -1)) + 13?
6
Suppose -7*i + 520 = 177. Calculate the remainder when 391 is divided by i.
48
Suppose 39*y = 4*y + 385. What is the remainder when 20 is divided by y?
9
Let w(f) = -f**3 - 11*f**2 - 11*f. Suppose 40 = -x + 3*x. Suppose -4*m + 5*a = x, 4*a - 6 - 28 = 5*m. What is the remainder when w(m) is divided by 6?
4
Suppose 13*u - 137 - 19 = 0. What is the remainder when 79 is divided by 9/u + (-942)/(-24)?
39
Let c(o) = 44*o**3 - 3*o**2 - 2*o + 4. Calculate the remainder when c(1) is divided by 10.
3
Let n = -1 + 1. Let l(r) = r**2 - r + 42. What is the remainder when l(n) is divided by 15?
12
Let b(v) = 3*v**2 + 8*v + 10. Let l be b(-4). Suppose 5*x = -k + l, 108 = 2*k - 5*x + x. What is the remainder when k is divided by 13?
7
Let n(y) = y + 28. Let s be n(-14). Suppose l = 30 - s. Let f = -98 + 142. Calculate the remainder when f is divided by l.
12
Let m(j) = -j**2 + 5*j + 3. Let r be m(5). Let y be (-18*4)/(-3) + r. Let n = 42 - y. Calculate the remainder when n is divided by 6.
3
What is the remainder when (574/(-28))/((-1)/10) is divided by 70?
65
Suppose -5*m - x = -9*m + 64, 2*m - x - 32 = 0. Suppose -6*s = -4*s - 248. Calculate the remainder when s is divided by m.
12
Suppose 2*m + 10 = 4. Suppose 0 = -2*v + 4*v - 52. What is the remainder when 2 + m - -50 - -2 is divided by v?
25
Suppose -3*u = p - 36, 8*u - 3*u + 5 = 0. Let j(y) = -3*y - 1. What is the remainder when p is divided by j(-2)?
4
Let p = -125 - -229. Let u = -72 + p. Calculate the remainder when 59 is divided by u.
27
Suppose p - l = 27, 2*p + 5*l + 22 = 48. Suppose 5*o - 22 = 148. Let a = o - p. Calculate the remainder when 76 is divided by a.
10
Suppose -3*n + 82 = 5*g - 4*g, 0 = n + 2*g - 29. Calculate the remainder when 318 is divided by n.
21
Calculate the remainder when (41 - -3) + -4 - (2 + -6) is divided by 23.
21
Suppose -5*l + 587 = -3*b, -3*b + 2*b - 353 = -3*l. Calculate the remainder when l is divided by 32.
22
Suppose 160 + 63 = 5*u - 3*p, 204 = 4*u + 4*p. Let n(s) = -3*s. What is the remainder when u is divided by n(-4)?
11
Suppose 6*j - 8*j = -1500. Let o(h) = -53*h. What is the remainder when o(-1) is divided by 8/36 + j/27?
25
Suppose 0 = 3*q + d - 27, -11*q = -7*q + 2*d - 34. Calculate the remainder when 104 is divided by q.
4
Let m = 1600 - 1059. Suppose -112 + m = 3*b. Calculate the remainder when b is divided by 36.
35
Suppose 28 = 3*g - 50. What is the remainder when 128 is divided by g?
24
Suppose 8*k = 3*k + 10. Suppose 2*g - 7*g - 2*t = -38, k*t = -g + 6. What is the remainder when 31 is divided by g?
7
Let p = 18 - 7. What is the remainder when (-40 - -41)/((-2)/(-78)) is divided by p?
6
Let y = 1252 - -596. What is the remainder when y is divided by 50?
48
Let l(b) = b**2 - 28*b - 515. What is the remainder when l(42) is divided by 26?
21
Let x(u) = u**3 + 6*u**2 + 8*u + 3. Let w be x(-4). Suppose 2*i - 65 = -w*i. Let o(h) = 7*h + 2. What is the remainder when o(3) is divided by i?
10
What is the remainder when 41 